1*-20. What is the remainder when 3/2*(6 - s) is divided by 4?
1
Let v = -17 - -33. Suppose -2*h = -u - 20, -2*u + v = 2*u. What is the remainder when 22 is divided by h?
10
Suppose -3*z = -8*z. Let q(i) = 0*i + z + 22*i - 3 - 2*i. Calculate the remainder when q(3) is divided by 15.
12
Suppose -5*w - c + 95 = 0, 2*w + 4*c = -2*w + 92. Suppose 2*u - 7*u = 4*n - 158, -4*u = 4*n - 124. What is the remainder when u is divided by w?
16
Suppose 2*b = 2*y + 124, -3*b + 2*b + 58 = 3*y. What is the remainder when b is divided by 22?
17
Suppose 0 = -17*b + 9*b + 112. What is the remainder when 26 is divided by b?
12
Suppose 4*g - 126 - 270 = 0. Suppose -v + 5*u = -24, 0*u = -4*v - u + 33. What is the remainder when 1/(-2) - g/(-6) is divided by v?
7
Let g be 2 - (-6 + 1) - -1. Let p(l) = 2*l + 2*l**2 - 2*l - 9*l - 9. What is the remainder when p(g) is divided by 16?
15
Calculate the remainder when 10/(-5) + (24 - -2) is divided by 14.
10
Let k = -16 + 27. What is the remainder when 1164/39 - 16/(-104) is divided by k?
8
Let n(j) = -j**2 - 7*j + 4. Let z be n(-7). Let p = z + 5. Calculate the remainder when 16 is divided by p.
7
What is the remainder when 5120/95 - (-8)/76 is divided by 11?
10
Calculate the remainder when 53 + (-4 + 4 - 2) is divided by 18.
15
Suppose n = q + 2 + 3, 3*q + 23 = -5*n. Let j = -4 - q. Let y(h) = h**3 - 3*h + 3. Calculate the remainder when 12 is divided by y(j).
2
Let k = -84 + 154. What is the remainder when k is divided by 24?
22
Suppose 5*z - 5*n - 15 = 0, 0*z = 3*z + 5*n - 1. Calculate the remainder when 3 is divided by z.
1
What is the remainder when 13 is divided by ((-2)/(-3 - -1))/((-1)/(-2))?
1
Let g(n) = n**3 + 5*n**2 - 2*n + 5. Calculate the remainder when g(-4) is divided by 8.
5
Calculate the remainder when (12/(-8))/((-6)/292) is divided by 26.
21
Suppose 3*x - u = 3, -5 = x - 6*x - 4*u. Let c = x - -4. Suppose -2*y = -3*y - 5*m - 6, 2*m - 12 = -2*y. Calculate the remainder when y is divided by c.
4
Suppose -5*c = -l + 52, 22 = -l + 2*l + c. Suppose 2*j = 5*j + 3*g - l, 42 = 4*j + g. Suppose -7*n + 124 = -3*n. Calculate the remainder when n is divided by j.
9
Suppose -55 - 137 = -3*i. What is the remainder when i is divided by 22?
20
What is the remainder when (-66)/21*(1 - 8) is divided by 6?
4
Let o(n) = n - 1. Let w be o(6). Suppose 5*g - w*m = 80, -2*g - 3*m = m - 2. Let t(q) = q**2 + 5*q - 7. What is the remainder when g is divided by t(-7)?
4
Calculate the remainder when 24/(-4)*14/(-4) is divided by 1 + 0 - -12 - 1.
9
Suppose 0 = -2*a + 9 - 3. Suppose 4*u = c - 23, -5*c + 3*c - 4*u = -22. What is the remainder when (290/15)/(2/a) is divided by c?
14
Let a(w) = 2*w**2 + 2*w + 1. Let k(y) = y**2 - y - 2. Let m be k(0). Let c be a(m). Suppose 8 + 7 = c*d. What is the remainder when 8 is divided by d?
2
Suppose -4*b - 4 = -0. What is the remainder when 38 - ((-4)/(-1) + b) is divided by 12?
11
Suppose -2*f + 7 + 23 = 0. Calculate the remainder when 73 is divided by f.
13
Suppose -68 = -0*d - 2*d. What is the remainder when d is divided by 12?
10
Let v = 7 + -8. Let u be (96/9)/v*-3. Suppose u = 6*o - 2*o. What is the remainder when 22 is divided by o?
6
Let j(k) = 41*k + 3. Let g be j(4). Suppose l - 46 = -4*o, -5*l + 3*o + g = 2*o. Suppose -47 = -4*y + 1. What is the remainder when l is divided by y?
10
Suppose -4*h - k + 11 = 0, 0 = 3*k + k - 12. Let u(g) = g**3 - 12*g**2 + 9*g + 24. Calculate the remainder when h is divided by u(11).
0
Let w be -1*(3 + -4)/(-1). Let g = -1 + w. What is the remainder when 19 is divided by 2 - (-2 - g - 5)?
5
Let h(t) = 5*t + 55. What is the remainder when h(0) is divided by 17?
4
What is the remainder when 64 is divided by 51/4 + (-9)/(-36)?
12
Let o = 19 - 3. What is the remainder when (2 + 5/(-2))*-58 is divided by o?
13
What is the remainder when 23 is divided by 1 + 11 + (-1)/(-1)?
10
Suppose 0 = 9*k - 54 - 135. What is the remainder when k is divided by 8?
5
Let f(r) = r + 19. Let v be f(-14). Suppose 28 = -0*t + t + 3*z, v*t = -4*z + 107. What is the remainder when t is divided by 2*-2*14/(-8)?
5
Suppose -5*i + 3*h + 281 = 0, i = h - 2*h + 61. What is the remainder when 172 is divided by i?
56
Suppose 2*l = 4*k - 31 - 3, 5*l = -4*k + 41. Suppose 0*o = r + 5*o + 19, 13 = -4*r + o. Let q = k + r. What is the remainder when q is divided by 3?
2
Let m(o) = -o + 8. Let t be m(10). What is the remainder when 35 is divided by (-9)/(t*3/6)?
8
Let t(v) = -v**3 - 7*v**2 - 8*v + 3. Let h be t(-6). Suppose -4*i - 80 = -4*c, 0 = -3*i + 6 - h. What is the remainder when c is divided by 6?
5
Suppose 2*v - v = 9. Let u(f) = f**3 - 9*f**2 + 2. Calculate the remainder when 2 is divided by u(v).
0
Suppose 0 = 9*q + q - 330. Calculate the remainder when q is divided by 12.
9
What is the remainder when ((-180)/70)/(-9) - 201/(-7) is divided by 10?
9
Let i(r) = r - 1. Let v be i(3). Suppose 0*l = -v*l + 6. What is the remainder when 3 is divided by l?
0
Suppose -4*o = -o - 291. What is the remainder when o is divided by 20?
17
Let a = 12 - 8. What is the remainder when 5 is divided by a?
1
Let h = 4 - 0. Let v = 8 + h. Let a = v + 14. Calculate the remainder when 51 is divided by a.
25
Let y = 61 + -43. Calculate the remainder when y - 2*2/(-4) is divided by 10.
9
Suppose 2*v + v - 150 = 0. Calculate the remainder when v is divided by 13.
11
Let t(d) = -1 + 0 + 2*d**2 + 4 - 3*d + 6*d. What is the remainder when 46 is divided by t(-3)?
10
Let g(y) = y**2 - 4*y. Let m be g(6). What is the remainder when m + -13 - (-57 - 1) is divided by (-3)/(-6) - (-29)/2?
12
Suppose 0 = o - 5 + 1. Suppose -o*x - 12 = -6*x. Suppose -3*i + 57 = 2*t, 3*t - 1 - 8 = 0. What is the remainder when i is divided by x?
5
Let b = 4 + 2. Calculate the remainder when b is divided by 2.
0
Suppose -4*m + 4*l + 72 = 0, -m + 4*m + 4*l = 89. What is the remainder when 1*(1 + -2)*-68 is divided by m?
22
Suppose -48 - 9 = -3*l. Suppose -3*a + 3 = 0, -3*a - 2 = -2*t + 7. Let b = t + 1. Calculate the remainder when l is divided by b.
5
Suppose 2 - 32 = -3*d. What is the remainder when (378/(-105))/(2/(-15)) is divided by d?
7
Suppose -2*i + 7*i - 260 = 0. What is the remainder when i is divided by 18?
16
Let b(i) = i**2 - 9*i + 19. What is the remainder when 202 is divided by b(11)?
38
Let h(u) = 7*u + 2. Let t be h(2). Let v = t - -15. Let w = 28 + -17. What is the remainder when v is divided by w?
9
Let t(n) = n**3 - n**2 - n + 68. Let g be t(0). Suppose 0 = -4*s + g + 36. Let u = -8 + 22. What is the remainder when s is divided by u?
12
Let j(t) = -10*t**2 + 2*t + 1. Let x be j(-1). Let w(m) = 29*m - 1. Calculate the remainder when w(1) is divided by 18 + x + 1*3.
8
Let x = -61 + 90. Suppose -4*a - v + 26 = -x, -v = -2*a + 29. Let w(m) = -4*m**3 + m**2. What is the remainder when a is divided by w(-1)?
4
Calculate the remainder when 2/(-11) - (-664)/22 is divided by 8.
6
Let i(y) = 0*y - 51*y**3 + 2*y**2 - 1 + 50*y**3 + y. What is the remainder when i(-2) is divided by 5?
3
Suppose 49 = 5*o - 21. Let i = -476 - -671. Suppose -i = 3*q - 8*q. Calculate the remainder when q is divided by o.
11
Let a be 4/(8/(-6)) + 36. Let v = a + -17. What is the remainder when v is divided by 18/4*(-2)/(-1)?
7
Let k = -39 + 48. What is the remainder when 32 is divided by k?
5
Let v(w) = -w + 12. Let u be v(4). Suppose -2*s = -u, -5*b = -3*b - s - 16. Calculate the remainder when 39 is divided by b.
9
Let k(i) = 2*i**2 + 2*i + 1. Let x be k(-3). Let b = x - -52. Calculate the remainder when 4/12 - b/(-3) is divided by 8.
6
Suppose -r = -2*l - 9, 4*l = -5*r - 0 + 3. Calculate the remainder when 10 is divided by r.
1
Suppose q = -2, 0 = 2*s + 7*q - 2*q. What is the remainder when 8 is divided by s?
3
Suppose 4*i - 2*q = i + 11, 5*i + 5*q - 35 = 0. What is the remainder when (0 - 1)/(i/(-245)) is divided by 13?
10
Suppose -7 = 3*d + 8, 3*j - 7 = -4*d. Let f(u) = -2*u**2 + 5*u - 2. Let a be f(6). Let t = -18 - a. Calculate the remainder when t is divided by j.
8
Suppose 4*k - 64 = 2*k. Calculate the remainder when (-42)/231 - 1036/(-11) is divided by k.
30
Let x = -122 - -207. What is the remainder when x is divided by 8?
5
Suppose -p = 4, 2*u - 2*p = 7*u - 127. What is the remainder when u is divided by 7?
6
Suppose 0 = 5*j + 15, -4*j = -v